- 1). What is the highest common factor of v and k?
7
Suppose 4*s = 2*o + 100, 0 = -4*s - 0*s + 4. Let c be -15*(o/20 + 2). Calculate the highest common divisor of 42 and c.
6
Suppose -q - v = -11, -4*v - 2 = 18. Let y = -38 + 78. Suppose t - y = q. What is the highest common factor of t and 7?
7
Let k(m) = -m**3 - m + 3. Let o be k(0). Suppose -o*r = -4*r + 4, -r + 22 = 3*v. Calculate the highest common factor of v and 24.
6
Let z = -15 - -26. Calculate the greatest common factor of 11 and z.
11
Suppose 2 - 6 = -2*p. Suppose -p*q + 20 = 8. Let a(g) = g**2 + 2*g - 3. Let w be a(3). What is the greatest common factor of q and w?
6
Let t be 4/(-14) - 174/(-21). Let o be (-6)/((-1 - 0)*2). Suppose o*s - 40 = s. Calculate the highest common factor of t and s.
4
Suppose 5*u = -29 + 169. Calculate the greatest common divisor of u and 56.
28
Let r be (-2)/(-12) - (-174)/36. Let w be 1/r + 162/(-10). Let t be -5 + 3 + 0 - w. What is the highest common factor of 2 and t?
2
Let s be 1/((-3)/(-212)) - (-2)/(-3). What is the greatest common divisor of 28 and s?
14
Let f(z) = 3*z**2 - 18. Let r be f(-4). Suppose -5*a + 19 = 2*d, 6*d - 53 = 2*d + 5*a. What is the highest common divisor of d and r?
6
Let m(l) = -2*l - 9. Let r be m(-7). Suppose -70 = -4*n - 2*t, 0 = -5*n + r*t + 9 + 56. What is the highest common divisor of 8 and n?
8
Suppose -5*q - 135 = -4*p, 101 + 25 = 4*p - 2*q. Let l = 27 - 58. Let g = -21 - l. What is the greatest common divisor of p and g?
10
Let a = 11 - 7. Suppose -56 = -5*f + b, -a*f - 3*b + 8 = -33. What is the greatest common factor of 11 and f?
11
Let i(o) = -o**2 - 10*o - 15. Let v be i(-6). Suppose 14*t = v*t + 45. What is the greatest common factor of 9 and t?
9
Suppose -4*y = 2*p - 4*p - 2, 0 = -5*y + 25. Suppose -2*q = 1 + p, 3*q - 153 = -4*o. Calculate the greatest common factor of 28 and o.
14
Suppose -x + r + 153 = 4*x, -x = -r - 33. Let d(p) = 2*p**2 + 8*p + 6. Let o be d(8). Suppose -o = -4*b - 18. What is the highest common divisor of x and b?
15
Let w(o) = 17*o - 22. Let b be w(11). What is the highest common divisor of 33 and b?
33
Let o be (1 - 2)*(3 + -4). Suppose 2*k - k - o = 0. Let l be 10 - (1 - 1)*k. Calculate the highest common factor of l and 50.
10
Let c be (-1)/((3*2/(-87))/10). Calculate the highest common factor of 29 and c.
29
Suppose -x + 4*s = -10, 0*s = -5*x - 3*s + 50. Let n(a) = -3 + 0*a**2 + x*a - 1 - a**2 - 8. Let m be n(8). Calculate the greatest common divisor of 4 and m.
4
Let a be 17/2 + (-2)/4. Let h = a - -22. Calculate the highest common divisor of 5 and h.
5
Suppose -2*k + 1 + 5 = 0. Let z(p) = 50*p - 3. Let v be z(k). What is the highest common factor of 21 and v?
21
Let x = 44 - 30. Suppose 6 = -3*p, -31 - 355 = -4*c - 3*p. What is the greatest common divisor of x and c?
14
Let r(u) = -u**3 + 9*u**2 - 6*u + 3. Let g be r(8). Let o = -62 - -195. What is the highest common factor of g and o?
19
Suppose -2*h = -2*p + 7*p - 32, -5*p = -2*h - 48. Let i(k) = -k**2 + 13*k - 12. Let y be i(9). Calculate the highest common factor of p and y.
8
Let n = 272 + 135. Calculate the greatest common divisor of 37 and n.
37
Let d = 316 + -195. Let c = d + -82. Calculate the highest common divisor of c and 13.
13
Let p = -93 + 61. Let m be (-4)/6 + p/(-12). Suppose 5*y = -c + 5, -y - m*c = 4*y. What is the greatest common factor of 14 and y?
2
Let j(d) = 7 - 80*d - 5*d**2 + 86*d - d**3 + 4. Let o be j(-6). Calculate the greatest common divisor of 99 and o.
11
Let m(c) = 18*c**3 + 3*c**2 + 2*c + 1. Let y be m(2). Calculate the greatest common divisor of y and 46.
23
Suppose 2*i - 72 = -2*i. Let s be (-6)/(-3) + 2 - -2. Let t = s - 3. What is the greatest common factor of i and t?
3
Let w(s) = s**2 - s - 1. Let f be w(4). Let x = 28 - 9. Suppose 0 = 2*j + 4*m - 22, -j + 2*m - x = -2*m. What is the highest common factor of f and j?
1
Let o = 3 - 8. Let u be (-2)/o + 64/(-10). Let l be u/9 - (-299)/3. Calculate the greatest common divisor of l and 9.
9
Suppose 2 + 6 = -2*y. Let b be (124/6)/(y/(-6)). Suppose 2*x + x - b = -2*r, 4*x + 3*r = 43. Calculate the highest common factor of 7 and x.
7
Let u(q) = q**2 + 1. Let h(x) = -5*x**2 + 6. Let k(b) = -h(b) + 2*u(b). Suppose 13 = -5*o - 7. Let v be k(o). Calculate the highest common factor of v and 12.
12
Let a be 0 + 0 + (33 - 0). Suppose -65 = -7*m + 89. Calculate the greatest common factor of m and a.
11
Let j(d) = -3*d + 13. Let p be j(4). Calculate the highest common factor of 9 and p.
1
Let s be 9/((-18)/40)*16/(-20). Calculate the highest common divisor of 32 and s.
16
Suppose 5*c - 20 = -0*c. Calculate the greatest common divisor of c and 8.
4
Let t be (3 - 1)*1 + (-288)/(-8). What is the greatest common divisor of 2 and t?
2
Suppose -90*f = -93*f + 39. Let u be (-13)/(-3)*(-3 + 15). What is the highest common factor of f and u?
13
Suppose 2*w - 34 = -m, w - 3*m = -3*w + 48. Let r = 16 + -22. Let q be -1 + w + r + 5. What is the greatest common factor of q and 52?
13
Suppose -c - 60 = -5*c. Let o be 16/(-6) + 10/c. Let f(d) = -8*d. Let t be f(o). Calculate the greatest common divisor of t and 4.
4
Let m be 10 + 0 + 1 + -4. Calculate the greatest common divisor of m and 7.
7
Let x = 0 + 2. Suppose -s = x - 6. Let k be 1*-2*5*(-19)/19. What is the greatest common divisor of s and k?
2
Suppose -23 - 1 = -4*w. Suppose -3*r - 36 = -162. Calculate the highest common factor of r and w.
6
Suppose 5*j = 10*j - 665. Calculate the greatest common factor of j and 19.
19
Suppose 0 = 2*z + 4*u - 134, 5*z + 4*u = 6*z - 61. Suppose c - 2*c = -26. Calculate the highest common divisor of c and z.
13
Suppose -16 = -3*m + 8. Let k = 0 + m. Calculate the highest common divisor of k and 32.
8
Let m be 4 + 1 + 1 + 2. Let p(k) = 9*k**3 - k**2 + 2*k. Let b be p(2). Calculate the highest common factor of b and m.
8
Suppose -99 + 31 = -2*o - 2*p, -o = 4*p - 37. Calculate the greatest common factor of 22 and o.
11
Let r be (-18)/4*1*-22. Calculate the greatest common factor of 11 and r.
11
Suppose 13*c - 36 = 10*c. Calculate the highest common divisor of 60 and c.
12
Suppose 0 = -5*q - 26 + 161. Calculate the highest common factor of q and 36.
9
Let w be (-147)/(-15) + (-1)/(-5). Let k = -225 - -315. Calculate the highest common divisor of w and k.
10
Suppose 28 = 2*v + 2. Let y(i) = -i**3 + 7*i**2 + 3*i - 2. Let z be y(6). What is the highest common factor of z and v?
13
Let m = -16 - -28. Suppose b = -0*b + 48. What is the greatest common factor of b and m?
12
Suppose 0*o = 3*o - 42. What is the highest common factor of o and 14?
14
Let c = 3 - -5. Let h = 8 - 4. Suppose 16 = 2*j - 5*n, 2*n = -h*j + 42 - 10. Calculate the highest common factor of j and c.
8
Let r = -9 - -5. Let b = -2 - r. What is the greatest common divisor of b and 2?
2
Suppose -1 = -y + 3*h - 8, 0 = 2*h - 8. Suppose -x = -4 - y. Let l be 5/25*0 - -72. What is the greatest common divisor of l and x?
9
Let n be (22/(-5))/(1/(-5)). Let p be (-3 - (0 + -4)) + 1. What is the greatest common divisor of p and n?
2
Suppose 3*a - 7*a + 612 = 0. Let p = -87 + a. What is the greatest common divisor of 6 and p?
6
Suppose -5*f + 5*x = -1010, -3*x = -5*f + 367 + 653. Let l = f - 141. What is the greatest common factor of 6 and l?
6
Suppose -5*l + 1 = -y - 12, -1 = -5*l - 3*y. Suppose -5*d - 28 + 8 = -l*g, -4*g = -3*d - 54. Calculate the highest common factor of 105 and g.
15
Let s = 10 - 7. Let v = 6 - s. Suppose -v*l = -9, 2*b - 3*l - 271 = -2*b. What is the highest common divisor of 28 and b?
14
Let p(t) = -2*t - 4. Let q be p(-3). Suppose d - s = 32, -q = -0*s - s. Calculate the highest common factor of 17 and d.
17
Let r = -13 + 22. What is the highest common factor of r and 1?
1
Let o(w) be the second derivative of w**4/4 - w**3/6 - w**2 + 2*w. Let d be o(2). Suppose 2*l - 6 - d = 0. What is the greatest common factor of 7 and l?
7
Let w = 7 - 7. Suppose w*n = -n + 32. Calculate the highest common factor of 48 and n.
16
Suppose 2 = n + 2*s - 1, 5 = -3*n + s. Let f be (n/(-2))/(6/132). Calculate the greatest common divisor of f and 99.
11
Let x be (0 + -9)*(-1)/3. Let z be 19 + 4/(4/2). Let c = -6 + z. What is the greatest common divisor of c and x?
3
Suppose -153 = -5*s + 47. Let m(f) = 7*f + 1. Let j be m(1). Wha